 What is l(d)?
-4
Let q(m) = 333*m**2 - 3*m - 6 - 3*m - 334*m**2. Give q(-4).
2
Let v(c) = -4*c - 1. Suppose 4*o - 2*i - 274 = 0, i - 53 = -2*o + 74. Let w be (-144)/o - (-2)/11. Determine v(w).
7
Let g(q) = 4*q**2 + 5*q**3 - 7 - 4*q**3 + q + 3. Suppose 37*x - 34*x - 9 = 0. Suppose -d + x = -2*z, 3*d + 3 = 3*z - z. What is g(z)?
2
Let u(f) be the third derivative of f**5/120 + f**4/6 - f**3/3 - f**2. Let w(m) be the first derivative of u(m). Determine w(5).
9
Suppose b + 1 = -o + 6, -7 = b - 3*o. Let n = b - 0. Let v(p) = p**3 + 5*p**n - p + 4 - 6*p**2 + 0*p. Calculate v(0).
4
Let r(x) be the third derivative of 0 + 1/8*x**4 + 0*x - x**2 + 1/6*x**3. Determine r(-2).
-5
Let g(x) be the first derivative of -x**4/4 + 2*x**3/3 - 2*x**2 + 2*x - 1. Give g(2).
-6
Let c(a) be the second derivative of -a**3/3 + a**2/2 + a. Suppose -2*b = 5 - 1. Give c(b).
5
Let n(z) = 10*z - 19. Let g(k) = -3*k + 6. Let l(a) = -7*g(a) - 2*n(a). Calculate l(3).
-1
Let f(n) be the third derivative of -3*n**5/20 + n**4/12 - n**3/6 + 5*n**2. Let y(x) = x**2. Let d be y(-1). Give f(d).
-8
Let c(k) be the second derivative of 1/6*k**3 - 5/2*k**2 + 0 - 7*k. Determine c(6).
1
Let x(f) be the second derivative of -1/12*f**4 + 0 + f - 1/2*f**2 - 1/2*f**3. Calculate x(-5).
-11
Let i(m) = m + 1. Let l(o) = -2*o. Let s(q) = -5*i(q) - l(q). What is s(-5)?
10
Let x(y) = y**3 - 5*y**2 - 8*y - 4. Let u(d) = 6*d**2 + 4*d + 4. Let n be u(-1). Give x(n).
-16
Let n(s) be the first derivative of s**4/24 - s**3/6 - 5*s**2/2 - 4. Let j(k) be the second derivative of n(k). Determine j(2).
1
Let y(i) = -i**3 + 4*i**2 - 2*i - 4. Suppose 3*j + 28 = -j. Let h(b) = -b**2 - 6*b + 10. Let a be h(j). Suppose 0 = m - 2*m + a. Calculate y(m).
-1
Suppose 1 = -5*v - 6*b + 2*b, -5*b + 2 = 3*v. Let f(w) be the third derivative of 1/24*w**4 - 1/6*w**3 - 2*w**2 + 0 + 0*w. Give f(v).
-2
Let y(r) = 5*r - 7. Let d(x) = 2*x + 2 - 1 - x - 2. Let k(f) = -6*d(f) + y(f). Calculate k(0).
-1
Let l(y) = 3*y. Let b be l(6). Let m be ((-1)/1)/((-3)/b). Let w(z) = z**2 - 7*z + 9. Calculate w(m).
3
Suppose 5 = -n - 2. Let h = 1 + n. Let b(m) = -m + 1. What is b(h)?
7
Let z(u) = 2 + 1 - 2 - u + u**2. Let k(p) = 2*p**2 - 3*p + 2. Let n(v) = k(v) - 3*z(v). Calculate n(0).
-1
Let d(r) = r - 3. Let j(s) = 2*s**2 - s + 4. Let k be j(-3). Suppose -k = -3*q - 2*q. Determine d(q).
2
Let x(i) = i**3 + i**2 - i. Let h(s) = 7*s**3 + s**2 - 5*s - 4. Let k(o) = h(o) - 6*x(o). What is k(5)?
1
Let j(l) = 34 + 16*l + 17*l - 37 - 36*l. Suppose 0 = -4*c + c - 3*k + 18, 0 = -4*k + 4. Suppose 5*r = -c, -3*r + 6*r = 4*f + 5. Determine j(f).
3
Let k(x) = -4 + x**2 - 4*x**2 + 0*x - 4*x + 3*x - x**3. What is k(-4)?
16
Let y(l) be the second derivative of l**7/420 + l**6/180 - l**5/120 + l**4/12 + 4*l**3/3 + 6*l. Let z(n) be the second derivative of y(n). Calculate z(-2).
-4
Let b be (3/(-9))/((-2)/18). Suppose b*s = -0*s. Let g(v) = v + 0*v + s*v + 0*v + 6. Calculate g(-5).
1
Let p(j) = -649*j + 647*j + 3*j**3 + j**2 + 1 - 4*j**3. Let w = 5 - 0. Suppose -2*t - 9 = -w*a + 9, 4*a = -2*t + 18. Calculate p(t).
-1
Let b(d) = -19 - 283*d**2 + d + 144*d**2 + 140*d**2. What is b(0)?
-19
Let x(l) = -l**2 + 3*l - 1. Let v be 1 + 2*(-1)/(-2). Give x(v).
1
Suppose 0 = -3*a - x - 0*x - 18, -34 = 5*a + 3*x. Let t(d) = 3*d + 2*d + d**2 + 0*d**2 + 5. Give t(a).
5
Let b = -3 + 0. Let n(o) be the third derivative of -o**6/720 - o**5/30 + o**4/12 + o**2. Let x(m) be the second derivative of n(m). What is x(b)?
-1
Let b(k) = -6 - 2*k + k + 4 + 1. Suppose 3*c = -0*c. Give b(c).
-1
Let q(k) = -k**2 + 4*k + 6. Let t = -5 - -10. Calculate q(t).
1
Let w be 2 + 2 + 1 + -3. Suppose 3*y = w*y + 3. Let b(v) = v**3 - 2*v**2 - 2*v + 3. What is b(y)?
6
Let v(p) be the second derivative of p**5/120 - p**4/12 + 2*p**3/3 - p. Let i(x) be the second derivative of v(x). Determine i(-4).
-6
Let k(u) = -7*u**3 - 5*u**2 - 10*u + 3. Let c(i) = 9*i - 1 - 1 + 6*i**3 - 4*i**3 + 5*i**2 + 4*i**3. Let b(y) = -6*c(y) - 5*k(y). Calculate b(-3).
-9
Let f(m) = m**2 - m + 1. Let c be f(2). Suppose 4*u + c*t = 3*u - 3, 5*u - t = 17. Let b(j) = -2*j + 0*j - 3 + 6*j - 1. Determine b(u).
8
Suppose 0 = 5*p - 15. Let u(w) = w**3 - 5*w**2 - 6*w + 3. Let f be u(6). Let a(o) = f*o**2 - 24*o - o**3 + 17*o + 8*o - 2. Determine a(p).
1
Let a = 28 - 26. Let z(w) = 4*w**2 - w + 2. Calculate z(a).
16
Let k(o) = -o**2 - 7*o - 3. Let h be (0 - 1/(-2))*0. Suppose -5*v + 28 = -d, h*d + 4*d - 4*v = -32. Determine k(d).
9
Let l(y) = -5*y + 7. Suppose -2*u + 5 = 3*f, -2*f + u + 9 = -6. What is l(f)?
-18
Let t(s) = -2*s + 15. Let v(k) be the first derivative of -k**4/4 - k**3/3 - 5*k - 2. Let o be v(0). Let g(j) = -j + 10. Let p(x) = o*t(x) + 7*g(x). Give p(4).
7
Let l(z) be the second derivative of z**8/6720 + z**7/1260 - z**5/120 - z**4/12 + 2*z. Let m(a) be the third derivative of l(a). What is m(1)?
2
Let c(s) be the first derivative of -s**3/3 - s**2/2 - s - 4. What is c(2)?
-7
Suppose 4*z - 3*z - 5 = 0. Let k(u) be the second derivative of u**4/12 - u**3/2 - 2*u**2 + 31*u. Give k(z).
6
Let n(j) be the third derivative of -j**5/60 - j**4/24 - j**3/6 + 5*j**2. Calculate n(-1).
-1
Let v = 37 + -43. Let p(z) = -z - 7. Determine p(v).
-1
Let a = 4 + -2. Let y(m) = m**3 - 4*m**2 + 2*m + 1. Determine y(a).
-3
Let p(f) = -f - 8. Suppose 0 = 175*k - 171*k + 16. Give p(k).
-4
Let m(x) be the third derivative of 5*x**4/24 - 2*x**3/3 - 32*x**2. Calculate m(2).
6
Let m(q) = q**2 + 5*q. Let z be m(-5). Suppose -3*v - 1 + 24 = 4*t, 5*t + 2*v - 20 = z. Let h(i) = 3*i - i**2 + 0*i**2 - 2*i - 2 + i**3. Give h(t).
4
Let n(c) = c**3 - c**2 - c + 2. Suppose -5*i = -4*s - 3, i = -0*s - 5*s + 18. Suppose -3*q + 11 = -0*k - 5*k, -k + i = 2*q. Give n(q).
4
Let v(p) = p**2 - 6*p + 6. Suppose -c - 4*t = -12, 3*c = -2*c + t + 18. Let w be v(c). Let r(f) = 0*f + f**2 + 4*f + 1 - 2*f. Determine r(w).
1
Let i(r) be the third derivative of r**6/120 - r**5/15 + r**4/24 + r**2 - 2*r. Give i(4).
4
Suppose -2*o = 2 + 24. Let y = -11 - o. Let h(t) = -t**2 - t - 3. Let q(n) = -n**2 - n - 1. Let s(d) = h(d) - 2*q(d). What is s(y)?
5
Let d(i) = 6*i - 17. Let n(t) = 3*t - 8. Let u(a) = -4*d(a) + 9*n(a). What is u(-6)?
-22
Suppose 4*n - 14 = 3*h, -h = 2*n - 3*h - 8. Let g(q) = 3 - 1 + n*q - q**3 - 3*q**2 + 2. Calculate g(-3).
-2
Suppose -5*o + 4 = 4*h, -o - 4*h + 16 = -7*h. Suppose -4*q - v - 8 = 0, 3*q - 1 = o*v + 12. Let n(p) = -p**2 - p - 1. Determine n(q).
-1
Let w(g) = 2*g + 1. Let r(v) = 0 + v + 1 - 6. Let h be r(10). Suppose h = -3*s - 5*d, -4*d = s - 0*d - 3. Calculate w(s).
-9
Suppose 2*l + 20 = 7*l. Let r = 1 - l. Let c(a) = -a. Calculate c(r).
3
Let d(q) = 5*q**3 + 11*q**2 - 6*q + 13. Let m(o) = -o**3 - o**2 + o - 1. Let n(g) = d(g) + 6*m(g). What is n(5)?
7
Suppose 2*s - 7*s - 15 = 0. Let w(q) = -2*q**2 + q + 4. Let n(y) = 2*y**2 - 3. Let i(c) = -6*n(c) - 5*w(c). Calculate i(s).
-5
Let i(u) = u + 6. Suppose -4*y + p + 18 = -6, 5*p = 2*y - 30. Suppose y = -6*r + r. Let g = r + -3. Calculate i(g).
2
Let z(v) = 3 - 7*v**2 + 1 - 3. Suppose 4*s - 2*q - 8 = -0*q, 0 = 3*s + 3*q + 3. Give z(s).
-6
Suppose -3*r = -7*r. Let j(q) = -2*q**2 + 7*q - 4. Let k(n) = n**2 - 4*n + 2. Let a(l) = -3*j(l) - 5*k(l). Calculate a(r).
2
Let f(r) be the second derivative of -r**3/6 + 3*r**2/2 + 6*r. Let l be 3/(48/76) + 9/(-12). Give f(l).
-1
Let x(b) = b + 2*b - 5 + b**2 - b. Let k be x(-6). Suppose -k + 4 = 5*a. Let h(c) = c**3 + 5*c**2 + 2*c - 4. Give h(a).
8
Let o(r) be the third derivative of r**6/60 + r**5/60 - r**4/24 - 39*r**2. Determine o(1).
2
Let r(k) = -13*k**3 + 6*k**3 + 4*k - 3*k. Suppose -h - 3*h = -4. Determine r(h).
-6
Let p(h) = 22*h**3 - 4*h**2 - 2*h - 3 - 6*h**3 + 0*h - 18*h**3. What is p(-3)?
21
Let h(l) = -1. Let x(d) = 4*d**3 + d**2 + 4. Let y(m) = -5*h(m) - x(m). What is y(-1)?
4
Let g(z) = -z**3 - 3*z**2 - 1. Suppose -22 + 86 = 4*j. Let i be (j/24)/((-2)/6). Calculate g(i).
-5
Let g(t) = 3*t**2 + 2*t + 2. Let q = 8 - 6. Let f = -4 + q. What is g(f)?
10
Let x(t) be the first derivative of 7*t + 1 + 1/2*t**2. Give x(0).
7
Let b(g) = -4*g + 5*g - 2*g. Let q(o) be the first derivative of o**3/3 + 2*o**2 + 2. Let c be q(-5). Determine b(c).
-5
Let n = -56 + 49. Let t(b) = b**3 + 6*b**2 - 2*b + 10. Determine t(n).
-25
Let a(f) be the third derivat